2666586?
True
Does 10 divide 2346774792?
False
Does 53 divide 7651404?
False
Does 7649 divide 1183666265?
False
Is 16174269 a multiple of 362?
False
Does 794 divide 30309226?
False
Does 291 divide 26223756?
True
Does 32 divide 51406752?
True
Does 11 divide 326690477?
False
Is 1137 a factor of 12282939?
False
Is 278178863 a multiple of 105?
False
Does 12 divide 12889152?
True
Is 344 a factor of 214144128?
True
Is 1272163191 a multiple of 1068?
False
Is 905 a factor of 126861042?
False
Is 40 a factor of 7771561?
False
Is 37 a factor of 29740109?
False
Is 1350528036 a multiple of 39?
True
Is 6 a factor of 2250471480?
True
Is 12612 a factor of 4591348152?
True
Does 37 divide 4307375017?
True
Does 6448 divide 302126681?
False
Is 30 a factor of 702784470?
True
Is 1780 a factor of 3042109000?
True
Is 19189114 a multiple of 12?
False
Does 7593 divide 1131637941?
True
Is 171029947 a multiple of 11?
True
Is 1212433263 a multiple of 8?
False
Is 20 a factor of 220983340?
True
Does 97 divide 117369321?
True
Does 542 divide 2919291?
False
Is 67 a factor of 267341335?
False
Is 405 a factor of 3110623155?
True
Is 24699633 a multiple of 409?
False
Does 1936 divide 959670372?
False
Does 63 divide 21652172?
False
Is 58 a factor of 49386235?
False
Is 2418895 a multiple of 215?
False
Is 214 a factor of 1870813252?
True
Does 8 divide 1006154904?
True
Is 182923428 a multiple of 16?
False
Is 399860384 a multiple of 9?
False
Is 7362642 a multiple of 49?
True
Is 9303915 a multiple of 75?
False
Does 37 divide 40342580?
True
Is 1320 a factor of 1593690120?
True
Is 2028534 a multiple of 1221?
False
Does 1949 divide 1353762537?
False
Does 142 divide 921864?
True
Is 443 a factor of 29734160?
True
Is 2353 a factor of 161413447?
True
Does 86 divide 1128854662?
True
Is 10 a factor of 435524620?
True
Does 12 divide 6243504?
True
Is 1127 a factor of 16273880?
True
Does 21 divide 87940293?
True
Is 67679676 a multiple of 151?
False
Does 1311 divide 83367801?
True
Is 4 a factor of 75738638?
False
Does 129 divide 33518393?
False
Is 18 a factor of 72671812?
False
Is 5 a factor of 12178228?
False
Does 46 divide 901218609?
False
Is 320593428 a multiple of 48?
False
Is 54 a factor of 2968463853?
False
Is 166 a factor of 144662548?
False
Does 18 divide 5148990?
True
Is 433859227 a multiple of 17?
True
Is 3473351052 a multiple of 23?
False
Does 10 divide 263614419?
False
Is 1804146696 a multiple of 2556?
False
Is 9231 a factor of 1436269752?
True
Is 39312049 a multiple of 109?
True
Is 4 a factor of 584303116?
True
Does 9 divide 1138936174?
False
Is 12104227 a multiple of 994?
False
Does 68 divide 25521104?
False
Is 585200524 a multiple of 69?
False
Does 17 divide 17184518?
True
Is 57 a factor of 105942594?
True
Is 3177 a factor of 1422911583?
True
Is 1332912678 a multiple of 158?
False
Is 90589416 a multiple of 141?
False
Is 17 a factor of 24646119?
False
Does 15 divide 42464340?
True
Does 3965 divide 210481217?
False
Is 4922 a factor of 836178892?
True
Does 765 divide 104215185?
True
Is 1527 a factor of 74781771?
True
Is 1008940 a multiple of 4?
True
Is 302 a factor of 124255786?
True
Is 9123 a factor of 761065700?
False
Is 11 a factor of 13121449?
True
Does 44 divide 3680149748?
True
Does 32 divide 152093081?
False
Does 539 divide 21399425?
False
Is 134770767 a multiple of 35?
False
Does 301 divide 9959789?
True
Is 665 a factor of 306570125?
False
Is 883230810 a multiple of 42?
True
Is 85 a factor of 13496868?
False
Does 68 divide 37909655?
False
Is 3669235464 a multiple of 8?
True
Is 895 a factor of 507558924?
False
Is 1955433662 a multiple of 8?
False
Does 55 divide 289715250?
True
Does 2875 divide 1371747269?
False
Does 12 divide 3316578252?
True
Does 99 divide 3945577814?
False
Is 48258192 a multiple of 249?
True
Is 41 a factor of 178829536?
True
Is 10 a factor of 291088076?
False
Is 199171365 a multiple of 34?
False
Does 2989 divide 538581932?
True
Does 47 divide 814037650?
True
Is 92259702 a multiple of 95?
False
Is 4119994 a multiple of 584?
False
Is 430589557 a multiple of 167?
False
Is 496982280 a multiple of 1384?
False
Is 35 a factor of 4526277560?
True
Is 493598154 a multiple of 7432?
False
Does 21 divide 10293297?
True
Does 874 divide 54461048?
False
Is 118121078 a multiple of 165?
False
Is 1007452896 a multiple of 125?
False
Is 906568 a multiple of 46?
True
Does 50 divide 8980417?
False
Does 258 divide 64853718?
True
Is 843673754 a multiple of 1762?
False
Does 7 divide 753531220?
False
Is 529 a factor of 58169733?
False
Is 4638173681 a multiple of 566?
False
Is 121656556 a multiple of 28?
True
Is 124144825 a multiple of 25?
True
Is 812 a factor of 1939760816?
True
Is 15245274 a multiple of 498?
True
Is 14 a factor of 12078969?
False
Does 534 divide 769031?
False
Is 12 a factor of 554233020?
True
Does 15 divide 265647945?
True
Does 436 divide 279908512?
True
Does 100 divide 6439800?
True
Does 193 divide 1039299760?
False
Is 451158004 a multiple of 3?
False
Does 34 divide 1908420233?
False
Does 520 divide 9935640?
True
Is 64220500 a multiple of 515?
True
Is 68 a factor of 2034915368?
True
Is 13825527 a multiple of 267?
True
Does 4074 divide 2950288042?
False
Is 36 a factor of 48993885?
False
Does 1167 divide 7110531?
True
Is 2 a factor of 57671981?
False
Does 32 divide 72524000?
True
Is 624715 a multiple of 35?
True
Is 1146336 a multiple of 430?
False
Is 331737120 a multiple of 2106?
True
Is 1911 a factor of 118084512?
True
Is 1144 a factor of 243542728?
True
Does 9129 divide 857428714?
False
Is 97 a factor of 13697690?
False
Is 247242000 a multiple of 16?
True
Is 9492 a factor of 1026265548?
True
Is 9 a factor of 506593907?
False
Is 27 a factor of 103679155?
False
Is 396868728 even?
True
Does 39 divide 13793832?
True
Is 5702 a factor of 46094968?
True
Is 28 a factor of 19157376?
True
Is 19 a factor of 266804045?
False
Does 141 divide 506476097?
False
Is 302 a factor of 6970764?
True
Is 272498449 a multiple of 7532?
False
Does 26 divide 125789560?
True
Is 7 a factor of 82718228?
False
Does 34 divide 28126602?
True
Is 5034255 a multiple of 213?
True
Is 480083740 a multiple of 340?
True
Does 142 divide 63306956?
False
Is 53168453 a multiple of 2?
False
Is 35 a factor of 2587998887?
False
Is 45757338 a multiple of 381?
True
Is 9 a factor of 106753436?
False
Is 4979915535 a multiple of 25?
False
Is 2 a factor of 18569517?
False
Is 37806714 a multiple of 18?
True
Does 1907 divide 1051882130?
True
Is 53 a factor of 359834800?
False
Is 4 a factor of 3775324?
True
Is 26 a factor of 51328706?
True
Does 3997 divide 56661472?
True
Is 3242 a factor of 416567822?
True
Is 10402 a factor of 2666379768?
False
Is 52821733 a multiple of 82?
False
Is 26 a factor of 120091551?
False
Is 69 a factor of 1893434175?
True
Is 8 a factor of 147171888?
True
Does 25 divide 1300743600?
True
Is 792 a factor of 668608776?
True
Does 598 divide 598063388?
True
Is 443881350 a multiple of 842?
True
Does 100 divide 113171691?
False
Is 28 a factor of 321478920?
True
Is 558 a factor of 26409582?
True
Is 26 a factor of 230280258?
True
Does 563 divide 41981235?
False
Does 3526 divide 90237028?
False
Does 1044 divide 277940786?
False
Is 21481111 a multiple of 37?
False
Does 12 divide 159233268?
True
Is 965427200 a multiple of 9428?
True
Is 1578 a factor of 103545909?
False
Does 293 divide 63258156?
False
Is 32 a factor of 2412135719?
False
Is 1677 a factor of 4840479384?
True
Is 8665443 a multiple of 4?
False
Is 34150026 a multiple of 118?
True
Is 131 a factor of 119527013?
False
Is 12 a factor of 182361480?
True
Is 94 a factor of 1692572891?
False
Is 11 a factor of 203134888?
True
Is 65291288 a multiple of 4?
True
Is 195 a factor of 264832230?
True
Does 64 divide 4287296?
True
Is 108 a factor of 15254827?
False
Does 148 divide 23265304?
True
Is 24774984 a multiple of 17?
True
Does 78 divide 109898100?
True
Is 247 a factor of 445428377?
False
Is 397 a factor of 69189160?
True
Is 862 a factor of 209026109?
False
Does 32 divide 4138458?
False
Is 11745707 a multiple of 187?
False
Is 866079715 a multiple of 678?
False
Is 281726030 a multiple of 2390?
True
Does 204 divide 27849856?
False
Is 32480474 a multiple of 737?
False
Is 166 a factor of 261223576?
True
Does 44 divide 57132196?
True
Does 9 divide 170415973?
Fal